ne i(d).
-11
Let g(z) = z**3 - 4*z + z**2 - 2 - 3 + 2. Determine g(-2).
1
Let h(w) be the first derivative of w**3/3 + w + 61. Calculate h(1).
2
Let n(a) = 39*a + 2 - 3 - 44*a. Let h = 1 - 0. What is n(h)?
-6
Let v(w) = -w**3 - 4*w**2. Suppose c + 10 = 4*q - 4*c, 6 = 4*q - 3*c. Suppose -3*n + 6*n + 6 = q. Calculate v(n).
-8
Let m = 8 + -6. Let c(g) = 2*g**2 + 7 + 5*g**3 + 3*g**m - 2*g**3 - g - 4*g**3. Suppose -17 = -4*j + 3. What is c(j)?
2
Let m(f) = -f**2 + 4*f + 2. Let b be m(4). Let q(c) be the second derivative of -c**5/20 + c**4/6 - c**3/2 + c**2 - c. What is q(b)?
-4
Let i(u) be the second derivative of 2*u**3/3 + u**2/2 - u. Suppose -3*s + 25 = 2*s. Let r(v) = -v**2 + 5*v - 2. Let z be r(s). Give i(z).
-7
Let p be (4/10)/((-1)/(-5)). Suppose 7 = -4*m + 23. Suppose 4*d = m*c - 24, 3*d + 5*c = 4*c - p. Let r(x) = -x**3 - 4*x**2 - 3*x - 2. Determine r(d).
-4
Let g = 19 + -13. Let k(z) = -z**2 + 1 + 0 + 4*z - g*z - 5*z. What is k(-6)?
7
Let w(r) = -11*r - 1. Let i be (-5)/3 - (-4)/6. Determine w(i).
10
Let r(m) be the second derivative of m**5/5 + m**3/3 - m**2/2 - m. Determine r(1).
5
Let s(i) = -i**2 + i + 3. Let v be s(0). Let m(h) = -3*h + v*h**2 - 5*h**2 + 4*h. What is m(2)?
-6
Let h(c) = 11 + 2*c + 0*c - 5*c + 2*c. Determine h(0).
11
Let s(j) = -j**3 - j**2 + 3*j - 1. Suppose 3 - 6 = t. Determine s(t).
8
Let k(n) = -n + 8. Let o = 0 + 4. Determine k(o).
4
Let w(v) = -2*v**3 + 2*v**2 + 2*v. Let n be (0/1)/(-1) + 2. Let u be w(n). Let z(d) = -d**2 - 4*d + 4. Calculate z(u).
4
Let m(x) be the third derivative of -x**4/24 - x**3/3 - 3*x**2. What is m(6)?
-8
Suppose -2*u + 4*d = -7*u - 10, -d + 1 = 3*u. Let z(h) be the first derivative of -2 + u*h**3 + h**3 + 3*h - 2*h + h**2. Determine z(-1).
8
Let b(f) = -f**2 + f + 1. Let c(r) = -6*r**2 + r + 7. Let o(a) = -5*b(a) + c(a). Give o(-3).
5
Let g(v) be the first derivative of -v**4/6 + 5*v**3/6 + v**2 - v + 5. Let f(o) be the first derivative of g(o). Give f(4).
-10
Let s(k) = -k**3 + 3*k**2 + 3*k. Let x = -4 - -1. Let y(b) = -b**3 + 3*b**2 + 4*b - 1. Let l(n) = x*s(n) + 2*y(n). What is l(3)?
-5
Let p(x) be the first derivative of -x**4/4 + 5*x**3/3 - x**2/2 - 4*x - 8. Give p(4).
8
Suppose r - 15 = -2*r. Suppose -v + r = 3. Let i(q) = 6*q**2 - 2*q**2 - 4*q - 3*q**v + 0 - 4. What is i(5)?
1
Let o(m) = m**3 - 5*m**2. Let q(n) be the first derivative of -n**2 - 15*n + 1. Let i be q(-10). Determine o(i).
0
Let q(l) be the third derivative of l**5/60 - 7*l**4/24 + 2*l**3/3 - l**2. Let t be (2 + 1 - -2) + 2 - 0. Calculate q(t).
4
Let o(h) = -h**2 - h + 5. Let t be (5/(10/(-8)))/(15 - 14). Give o(t).
-7
Let b(c) be the second derivative of -c**4/12 - 63*c. Calculate b(2).
-4
Let y(m) = -2*m - 7. Let n be y(-5). Suppose -4*t - 8*p + 4*p = 20, -5*p = n*t + 21. Let i(f) = -f**3 - 2. Calculate i(t).
6
Let z(y) = -2*y + 6. Let c be z(-1). Let h(i) = i**3 - 7*i**2 - 5*i - 7. Determine h(c).
17
Suppose 9*f = 11*f. Suppose 2*p - 5*z - 16 = -z, 4*p + 3*z = -1. Let b(u) = f + 2 - 4 - 5 + u**p + 6*u. Calculate b(-6).
-7
Let w be -2 + (-3 + 0 - -2). Let b(v) = -5 - 1 - 2*v**2 - 1 + 5 - v. Give b(w).
-17
Let v(q) = q**3 - 5*q**2 - 2*q + 2. Suppose -n + 6 = 2*n. Suppose 2*y - u = 8, n*u - 3*u = y - 4. Let c be -1*y*-2 - 3. Give v(c).
-8
Suppose -n + 3*k = 12, -3*n - 4*k - 14 = -2*k. Let v(w) = -w + 1. Let a(c) = 7*c - 10. Let u(d) = n*v(d) - a(d). Give u(4).
0
Suppose 0*n - 35 = 5*n. Let u be 1/4 + n/(-4). Let f(k) = -6*k**2 + 5. Let l(j) = 5*j**2 - 4. Let r(h) = -3*f(h) - 4*l(h). Determine r(u).
-7
Let i = -39 - -42. Let q(k) be the first derivative of 0*k + 5/2*k**2 - 1/3*k**3 - i. Calculate q(4).
4
Let n(x) = 5*x**2 - 2*x. Let l(c) = 16*c**2 - 5*c. Let m(t) = 3*l(t) - 8*n(t). Determine m(-1).
7
Let g(b) = -b - 2. Suppose -5*k + 30 = 4*j, 2*k + 2*k - 8 = 0. Give g(j).
-7
Let y(i) = i**3 - 3*i**2 - 3*i + 1. Let p be (-9)/12 + (-9)/(-12). Suppose p*r - r + 4 = 0. Calculate y(r).
5
Let d(c) be the first derivative of c**2/2 - 16*c + 39. Determine d(0).
-16
Let j = 16 + -14. Let r(t) = -2*t**2 + 8 - t**3 + 2*t - 2*t**j - 3*t**2. Give r(-7).
-6
Suppose -9 = -l - 2. Let d(o) = 0*o**3 + 13*o**2 - l*o**2 - o**3 - 3*o. Determine d(5).
10
Suppose 51 = 3*p + 2*w, -5*w - 43 = -3*p - 13. Suppose 0*x = 5*x - p. Let y(v) = -v + 4. Calculate y(x).
1
Let n(m) = -12*m**2 + m - 5. Let x(l) = -l**2 - 1. Let i = 6 + -10. Let a(t) = -6*t - 29. Let z be a(-5). Let s(v) = i*x(v) + z*n(v). Calculate s(1).
-8
Let m(z) be the first derivative of -z**4/4 - 2*z**3/3 + z**2 - 3. Let o(g) = 1 - 7*g**3 + 5*g**3 - 2. Let w be o(1). Give m(w).
3
Let q(i) = -i**3 - i**2 + 6. Let f be q(0). Let x(t) = t**3 - t**2 - 2*t + 2. Let k(j) = j**3 - j + 1. Let a(u) = -4*k(u) + 5*x(u). Determine a(f).
6
Let i(f) = -f**3 + 3*f**2 - 3. Let a be 28/12 + 4/6. Let h be i(a). Let c(r) = -r. Let z(l) = -l - 1. Let w(b) = -2*c(b) + z(b). What is w(h)?
-4
Let p(k) = -k**2 + 6*k + 2. Let s(l) = -l**3 - 5*l**2 - 4*l + 5. Let a(b) = 1 - b**3 - b + 5*b + 0*b + 4*b**2. Let h be a(5). Let d be s(h). Give p(d).
7
Let g(i) = -4*i**3 - 5*i**2 + 2*i + 3. Let u(m) be the second derivative of m**5/5 + m**4/2 - m**3/3 - 2*m**2 - 2*m. Let h(t) = 5*g(t) + 4*u(t). Determine h(1).
-4
Suppose y + 4*x + 17 = 0, -y = 2*y - 3*x - 24. Let w(b) = 4 + 0 - 4*b - 2 - 3*b**2 + 4*b**2. Determine w(y).
-1
Let u(h) = 1 + 4*h**3 + 0*h**2 + 4*h - 4*h**2 - 5*h**3. Let v(k) = k**2 - 3*k - 9. Let a be v(4). Give u(a).
6
Suppose 14 = -x + 4*s - 0*s, -5*s + 18 = -x. Let t(j) = -2*j + 2 - j**3 + 0*j**2 + 0 + 6*j**2 - x*j**2. Calculate t(4).
-6
Let g(r) = -11*r + 3*r + 10 + 9*r. Calculate g(-8).
2
Let r(v) be the third derivative of v**5/60 + 11*v**4/24 + 13*v**3/6 + 15*v**2. What is r(-10)?
3
Let r(p) = -1 + 5*p + 5 + p**2 + p. Calculate r(-4).
-4
Let h = 79 + -78. Let d(c) be the first derivative of c**2 + c + 1. What is d(h)?
3
Let m = 115 - 110. Let u(r) = 4*r + 4. Give u(m).
24
Let x(l) = -l**3 - 4*l**2 + 6*l + 5. Let i(n) = n**2 - 8*n - 5. Let y be i(8). Let k = y + 0. Give x(k).
0
Let k(d) = d**3 + 2*d**2 - 2*d + 1. Let p be k(1). Let h be -2 + 2 + 1 + -1 - -2. Suppose p*y + 6 = -h. Let j(v) = v**2 + 3*v. Determine j(y).
4
Let u(y) = -7*y + 4. Let t be u(-4). Let n = -28 + t. Let l(x) = 2*x - 3. Determine l(n).
5
Suppose -14 = -4*z + 2. Suppose 2*k - z*k = -8. Let r(o) be the first derivative of -o**4/4 + 2*o**3/3 + 7*o**2/2 - 5*o - 1. Calculate r(k).
-9
Let w(i) = 2*i + 14. Let m be w(-6). Let t(o) = -2*o + 2*o**2 + 3 - 3 + 1. What is t(m)?
5
Let m(n) = 3*n + 5. Let c be (-2 - -18)*(-15)/(-6). Suppose -3*d = -r - 19, 0 = -0*r + 5*r - 4*d + c. What is m(r)?
-7
Let c = 4 - 2. Let u(p) be the second derivative of -p**3/6 + 3*p**2/2 + 3*p. Let i(w) = -5*w + 13. Let m(y) = c*i(y) - 9*u(y). Give m(-1).
0
Let t(c) = c**3 + 3*c**2 - 2*c + 1. Let j = 6 + -2. Suppose 0*y + 32 = -j*q + 4*y, -5*q - 5*y + 10 = 0. Give t(q).
7
Let k be 22/(-4) + 4/(-8). Let m(z) = -z - 10. Determine m(k).
-4
Let n(f) = 2*f**3 - 3*f**2 - 5*f - 1. Let i(b) = 2*b**3 - 3*b**2 - 4*b - 1. Let y(q) = 6*i(q) - 5*n(q). Determine y(2).
5
Let a(g) = -14*g - 7 + 4 + 1 + g**2 - 12. Let u be a(15). Let t(j) = -2*j**2 + j - 1. Give t(u).
-2
Let j(x) = x**3 + x**2 + 1. Suppose 0 = -5*m + 3*p - 4*p - 4, m - 8 = 2*p. Suppose -24 = -4*u - m*u. Suppose -w + u = -4*w. What is j(w)?
-3
Let l be (-68)/(-17) - (1 + -3). Let o(w) = -w**2 + 7*w - 9. What is o(l)?
-3
Suppose -3*j = -3*r - 4*j - 10, -3*j - 18 = 3*r. Let k(i) = 14*i + 2. Determine k(r).
-26
Let q(g) = -g**3 + 9*g**2 + 10*g + 3. Let h be q(10). Suppose -h*o = o. Let v(l) = 0 + l + 1 + o*l. Determine v(5).
6
Let s = -34 - -41. Let i(h) = h**3 - 6*h**2 - 6*h - 5. Calculate i(s).
2
Let w(m) = 4*m**3 + 3*m**2 - 6*m + 3. Let q(h) = -7*h**3 - 5*h**2 + 11*h - 6. Let k(z) = -3*q(z) - 5*w(z). Suppose 0 = -18*s + 13*s + 10. Give k(s).
5
Let m(t) = t**3 + 4*t**2 + t - 4. Let p be m(-2). Let c(l) be the third derivative of 0 - 2*l**p - 1/6*l**3 + 1/60*l**5 + 0*l + 1/24*l**4. Calculate c(-2).
1
Suppose 4*n + 3*s = 16, 0 = n + 4*s - 20 + 3. Let a(d) = 2 - 3*d + 8*d - 1 - 2. What is a(n)?
4
Suppose h = -r - h - 11, -3*r - 4*h = 23. Let m = 1 - -3. Let y(a) = a**2 + 5*a - m*a - a + a. Determine y(r).
0
Let k(t) be the third derivative of t**6/120 - t**5/60 + t**4/24 - 13*t**3/6 - 21*t**2. What is